 of 48321 and 11682?
531
Calculate the greatest common factor of 1770 and 247092.
354
What is the highest common divisor of 113668 and 33284?
628
What is the highest common factor of 472796 and 760?
76
Calculate the greatest common factor of 169 and 77753.
13
What is the greatest common factor of 9710 and 115?
5
Calculate the highest common divisor of 236772 and 36.
36
Calculate the highest common divisor of 42370 and 380.
190
What is the greatest common divisor of 35774 and 3?
1
What is the highest common factor of 164781 and 459?
459
Calculate the highest common factor of 4605 and 165.
15
What is the highest common divisor of 187649 and 1309?
77
Calculate the greatest common factor of 154 and 110462.
22
What is the greatest common factor of 52248 and 777?
21
What is the highest common factor of 440 and 11242?
22
What is the highest common divisor of 15660 and 9720?
540
What is the highest common divisor of 232 and 3240?
8
What is the highest common divisor of 5 and 10435?
5
Calculate the highest common divisor of 105 and 10647.
21
What is the greatest common factor of 160 and 652940?
20
Calculate the greatest common divisor of 438 and 15126.
6
What is the highest common factor of 133 and 28101?
19
What is the highest common divisor of 2624 and 672?
32
What is the highest common factor of 14422 and 32?
2
What is the greatest common factor of 53465 and 74?
37
Calculate the greatest common divisor of 2268 and 822150.
1134
What is the greatest common divisor of 988 and 301028?
52
Calculate the greatest common factor of 9 and 6076.
1
Calculate the highest common factor of 656 and 4637264.
656
What is the greatest common divisor of 160 and 13630?
10
What is the highest common divisor of 29779 and 11737?
97
Calculate the greatest common factor of 35744 and 123987.
1117
What is the highest common factor of 36 and 39148?
4
What is the highest common factor of 11808 and 2091?
123
Calculate the greatest common factor of 24 and 34841.
1
Calculate the greatest common factor of 2208 and 420348.
276
Calculate the greatest common factor of 826 and 41713.
413
What is the greatest common factor of 329 and 130707?
47
What is the highest common factor of 24 and 757956?
12
What is the highest common factor of 288 and 1926?
18
Calculate the greatest common divisor of 5 and 289280.
5
Calculate the greatest common factor of 2449 and 31.
31
What is the greatest common factor of 187719 and 10216?
1277
Calculate the highest common factor of 217420 and 40.
20
What is the greatest common divisor of 455 and 27209?
91
What is the greatest common factor of 1242861 and 291?
291
Calculate the highest common divisor of 1087 and 4.
1
Calculate the highest common divisor of 1496992 and 6560.
1312
What is the greatest common divisor of 266 and 16948?
38
What is the greatest common divisor of 1832970 and 30?
30
Calculate the greatest common factor of 146 and 376461.
73
What is the greatest common divisor of 6 and 10?
2
Calculate the greatest common divisor of 522 and 24128.
58
What is the greatest common divisor of 225 and 180825?
75
What is the greatest common divisor of 199 and 849929?
199
Calculate the greatest common divisor of 122115 and 735.
105
What is the highest common factor of 103827 and 13713?
1959
What is the greatest common factor of 602966 and 364?
182
What is the highest common divisor of 279 and 1874043?
279
What is the greatest common factor of 101703 and 63?
21
What is the greatest common factor of 1466560 and 320?
320
What is the greatest common divisor of 77198 and 1936?
242
What is the highest common factor of 48493 and 4189?
71
What is the greatest common factor of 84 and 85596?
84
Calculate the greatest common factor of 2004284 and 332.
332
What is the highest common factor of 5199 and 18?
3
What is the greatest common divisor of 185645 and 1391?
107
Calculate the greatest common divisor of 1279743 and 51.
51
Calculate the greatest common divisor of 309 and 1030.
103
Calculate the highest common factor of 5870 and 1630.
10
What is the greatest common factor of 1979488 and 448?
224
Calculate the highest common factor of 1311843 and 702.
39
What is the greatest common divisor of 209 and 27533?
11
What is the highest common divisor of 706922 and 779?
41
Calculate the highest common divisor of 380717 and 2853.
317
Calculate the greatest common divisor of 279193 and 267.
89
What is the highest common divisor of 130363 and 1?
1
What is the greatest common factor of 229463 and 5681?
247
Calculate the greatest common factor of 253928 and 104.
8
Calculate the highest common factor of 26846 and 496.
62
Calculate the highest common divisor of 80 and 329740.
20
Calculate the highest common divisor of 6320 and 94.
2
Calculate the greatest common factor of 198 and 426162.
66
Calculate the greatest common divisor of 4132 and 12.
4
Calculate the highest common factor of 72537 and 18.
3
Calculate the greatest common factor of 9036 and 495.
9
What is the greatest common factor of 70482 and 425?
17
What is the highest common factor of 88 and 1969?
11
What is the highest common divisor of 1696 and 34344?
424
What is the greatest common divisor of 61047 and 2337?
57
Calculate the greatest common divisor of 1440063 and 53.
53
What is the highest common divisor of 13 and 199823?
13
What is the greatest common factor of 8066 and 5886?
218
What is the highest common factor of 410 and 11152?
82
What is the greatest common divisor of 272 and 706000?
16
What is the greatest common divisor of 71344 and 33488?
1456
What is the highest common factor of 1989 and 1513?
17
What is the highest common divisor of 666 and 15836?
74
What is the greatest common factor of 387770 and 5?
5
Calculate the highest common factor of 6798 and 1188.
66
Calculate the greatest common divisor of 142 and 1897759.
71
Calculate the greatest common divisor of 9427 and 297.
11
What is the greatest common factor of 56619 and 1165?
233
Calculate the highest common divisor of 2058 and 770378.
686
What is the greatest common factor of 690 and 58440?
30
What is the highest common divisor of 973 and 10564?
139
Calculate the greatest common factor of 63 and 64344.
21
Calculate the highest common divisor of 9380 and 1742.
134
Calculate the greatest common divisor of 7714 and 4350.
58
What is the highest common factor of 3983 and 9673?
569
What is the greatest common factor of 334296 and 9?
9
What is the greatest common divisor of 9039 and 9?
3
Calculate the greatest common divisor of 144697 and 343.
49
Calculate the highest common divisor of 420123 and 17226.
957
What is the highest common factor of 38 and 4659997?
19
Calculate the highest common divisor of 7425 and 3915.
135
Calculate the greatest common divisor of 48 and 140172.
12
What is the greatest common factor of 8 and 195392?
8
Calculate the greatest common factor of 16392 and 48.
24
What is the highest common factor of 14041 and 171?
19
Calculate the greatest common divisor of 20 and 58510.
10
Calculate the greatest common divisor of 51 and 26469.
51
What is the highest common divisor of 77976 and 43848?
216
What is the highest common divisor of 462 and 38346?
462
Calculate the highest common divisor of 169265 and 97.
97
What is the highest common factor of 28 and 56084?
28
What is the greatest common divisor of 620 and 460?
20
Calculate the highest common factor of 691481 and 84.
7
Calculate the highest common factor of 194964 and 1804.
44
What is the greatest common divisor of 3277 and 24128?
29
What is the greatest common factor of 8660 and 654696?
1732
What is the greatest common factor of 21 and 670800?
3
What is the highest common divisor of 70 and 614565?
35
Calculate the highest common divisor of 165 and 597795.
165
Calculate the greatest common factor of 9 and 407259.
9
Calculate the highest common factor of 67473 and 189.
189
What is the greatest common factor of 39936 and 2432?
128
What is the greatest common divisor of 4913088 and 192?
192
Calculate the greatest common divisor of 5180 and 380.
20
What is the greatest common factor of 3184 and 1032412?
796
What is the highest common factor of 370237 and 454?
227
Calculate the highest common factor of 935977 and 35.
7
What is the highest common factor of 9 and 1557783?
9
Calculate the greatest co